 v and 133.
19
Let n = -77 + 113. Suppose -2*o = 2*h - 42, 2*o - 1 = -h + n. What is the highest common factor of o and 144?
16
Let r = -1810 - -2143. What is the greatest common factor of 54 and r?
9
Let d(j) = -3*j - 35. Let v be d(-15). Suppose o = 2, 32 = 2*r + 2*o + v. Let m be 1 - -1 - 150/(-6). Calculate the highest common divisor of m and r.
9
Suppose 0 = 5*x - t - 4, -5*x - 39*t + 35*t = -9. What is the highest common factor of 74 and x?
1
Suppose 0 = -0*p + 5*p - 180. Suppose -2 = z - 14. What is the greatest common divisor of p and z?
12
Let y(c) = -c**3 + 11*c**2 + c - 5. Let g be y(11). Let m(a) = a**2 - 16*a - 27. Let t be m(19). What is the greatest common divisor of t and g?
6
Let o(w) = 16*w**3 - 2*w**2 - 2*w - 1. Let f be o(-1). Let n = 22 + f. Suppose -922 = -n*p + 318. Calculate the greatest common divisor of p and 31.
31
Let s(y) = -y + 32. Let j be s(-13). Let h = j - 20. What is the greatest common divisor of 25 and h?
25
Let w = -3 - -9. Suppose 0 = 4*m - 5*v - 23, -5*m + 0*m = 3*v - 75. What is the greatest common divisor of m and w?
6
Let r(i) = 9 - 6 + 8 + 11*i + i**2. Suppose 0 = -3*q + 2*m - 34, 3 = 3*m - 3. Let b be r(q). What is the greatest common factor of b and 4?
1
Suppose 141 = 5*q - 59. Let j be 2 + q/(-32) + 5/4. Calculate the greatest common divisor of 18 and j.
2
Let z = 1026 - 1006. Calculate the greatest common divisor of z and 280.
20
Let z be 57/(-1 + 0)*20/(-30). Let k be (-3 + 4)/((-2)/(-38)). Calculate the greatest common divisor of k and z.
19
Suppose -141*t + 145*t - 448 = 0. What is the greatest common factor of 7 and t?
7
Suppose -2*u + 266 = a, 0 = -a - 3*u - 123 + 394. Calculate the greatest common factor of 8 and a.
8
Suppose 4*q - 55 = 5. Suppose -325 = -7*p + 410. What is the highest common divisor of q and p?
15
Let v be 1/12 - (18/144 + (-3457)/24). Suppose -4*a = -25 - 39. What is the greatest common divisor of v and a?
16
Let x = -146 - -250. Suppose -16 = -h - 0*h. Let a be 4/16 + 204/h. Calculate the highest common divisor of a and x.
13
Let t be (3 - -1) + (-1)/1. Let q = 66 - 64. Let f be 2*q/(-16)*-4. What is the highest common factor of t and f?
1
Suppose 4*s + s = 20. Let t(x) = -x**2 - 10*x + 4. Let g be t(-4). What is the highest common divisor of g and s?
4
Suppose -9*c + 0 = -18. Suppose 0 = -c*q - q + 45. Calculate the greatest common divisor of 15 and q.
15
Suppose f + 3*f = j + 124, 5*j - 10 = -f. Suppose 3*t + 2*t = f. Suppose -y = l - 28, 0 = 5*l - 3*y + y - 154. What is the greatest common factor of t and l?
6
Let g be (7 - 8) + (-32)/(-2). Let v = 16 - 11. Suppose 5 = -l - v*m, -3*l + 2*m = -l - 14. What is the highest common divisor of l and g?
5
Suppose -4*o + 0*c + 670 = c, -3*o - 4*c + 496 = 0. What is the highest common divisor of 63 and o?
21
Suppose -6*u - 18*u + 2520 = 0. Calculate the highest common divisor of 15 and u.
15
Suppose -3*m = 2*w, 4*m - 5*w = -m + 25. Suppose -u - f + 62 = -71, m*u - 2*f - 246 = 0. Let n = -195 + 211. What is the greatest common factor of n and u?
16
Suppose 2*s = -5*d - 115 + 346, -165 = -4*d + 5*s. Calculate the highest common factor of 855 and d.
45
Suppose -3*x - n = -356, 5*x - 3*n - 476 - 122 = 0. What is the highest common divisor of x and 14?
7
Suppose 7*p + 1699 = 1755. Let s be 430/35 - 2/7. Calculate the highest common divisor of p and s.
4
Suppose 0 = -3*x + 20 + 10. Suppose -6*y + 3 = 3. Suppose 3*c + 3*h + h - 224 = 0, 2*c + 4*h - 144 = y. Calculate the highest common factor of c and x.
10
Let d be (2/4)/(2/56). Suppose 14*v - 15*v - 34 = 0. Let r = 48 + v. Calculate the greatest common factor of r and d.
14
Let z be (-7 - (-1 + -3))*-6. What is the highest common divisor of z and 174?
6
Let p(g) = -32*g**2 - 354*g - 16. Let k be p(-11). Calculate the greatest common divisor of k and 654.
6
Let w(a) = -30*a**2 - 189*a - 4. Let f be w(-6). What is the highest common factor of f and 4?
2
Suppose -4*u = -2*t, -4*u - 12 = t - 9*u. Let x be 946/8 - -2 - 2/t. Let j = -5 - -20. What is the greatest common factor of x and j?
15
Suppose -5*s + 3686 = 3*p, p = -5*s + 2*p + 3678. What is the greatest common factor of 23 and s?
23
Let z be -1 - (-2 + (192 + 0)/(-3)). Calculate the highest common factor of 104 and z.
13
Let k(c) = c**2 - 3*c + 20. Let v be k(7). What is the greatest common factor of v and 3?
3
Let i = 120 - 51. Calculate the highest common factor of i and 69.
69
Suppose 88*g - 83*g = 1125. Let d = -48 - -138. What is the highest common factor of g and d?
45
Suppose -9*k + 3*d = -8*k - 79, -5*d + 265 = 4*k. Calculate the greatest common divisor of 35 and k.
35
Let p = 43 - 37. Let s be (-2105)/(-30) - 1/p. What is the greatest common divisor of s and 105?
35
Let w(o) = 0 + o - 1 + 17*o**2 + 4*o - 6*o. Let p be w(-2). Let k be 3/(-2)*(3 - p). What is the highest common divisor of 11 and k?
11
Suppose -13*z + x - 27 = -14*z, -3*x = -3*z + 75. What is the highest common factor of z and 10?
2
Let i be (-216)/30 + 1/5. Let o be 2/i - 2301/(-91). Let d be (20/o)/((-2)/(-45)). What is the greatest common divisor of d and 126?
18
Let v(i) = 12*i**2 - 17*i + 100. Let l be v(5). What is the greatest common divisor of l and 195?
15
Suppose -46*p + 38*p + 32 = 0. Calculate the highest common divisor of p and 116.
4
Suppose -4*n + 7*n + a - 10 = 0, 4*n - 5*a = 7. Calculate the greatest common factor of n and 75.
3
Suppose 2*s = 7*s + 4*n - 440, 0 = 2*s - 3*n - 153. Calculate the greatest common divisor of 24 and s.
12
Suppose -61 = t - 193. What is the greatest common factor of 24 and t?
12
Let p be 363/21 - 6/21. Let w(h) = 9*h**2 - 2. Let k be w(-2). What is the highest common divisor of k and p?
17
Let p(f) = -24*f - 1. Let v be p(1). Let z = v + 57. What is the highest common divisor of z and 4?
4
Let t(n) = n**2 - 5*n + 5. Let w be t(10). Suppose -11 = 4*x - 5*x - 3*g, 5*x - g = 23. What is the greatest common factor of x and w?
5
Let w(p) = p**2 + 12*p + 46. Let i(c) = -c**2 - 13*c - 47. Let y(j) = 2*i(j) + 3*w(j). Let x be y(-6). Calculate the greatest common divisor of x and 20.
20
Let r(q) = -366*q + 6. Let k be r(-2). Let l be k/4 - 6/12. What is the highest common divisor of 23 and l?
23
Let b(x) = -x**2 + 11*x + 16. Let o be (-212)/(-28)*1 + 6/14. Let n be b(o). What is the highest common factor of n and 8?
8
Suppose -8*q + 11*q + 9 = 0. Let t = 26 + q. Suppose 6 = g - t. What is the greatest common factor of 261 and g?
29
Let r = 6 + -10. Let g be (2/r)/((-2)/36). Let l(q) = -9*q + 54. Let m be l(4). What is the greatest common divisor of m and g?
9
Let m = 221 + -213. Suppose 1 = -2*u + 5. What is the highest common divisor of m and u?
2
Let k be (-40340)/(-90) + 2/(-9). Suppose 57*x - 58*x = -56. Calculate the greatest common divisor of k and x.
56
Suppose -5*s + 12 = -9*s. Let v be ((-24)/10 - s)*85. What is the highest common factor of v and 68?
17
Let r = 673 + -663. Calculate the greatest common divisor of r and 18.
2
Let f(i) = -i**2 - 8*i + 15. Let t be f(-9). What is the greatest common divisor of t and 96?
6
Suppose -447 = -11*c - 7. Let w = c + -4. Calculate the highest common factor of 144 and w.
36
Let j = 503 + -502. Calculate the greatest common divisor of j and 49.
1
Let a be (-406)/4*((-208)/28)/13. Calculate the highest common divisor of a and 203.
29
Suppose 0 = s - 1 - 2, -o - 3*s = -16. Calculate the greatest common divisor of o and 7.
7
Suppose 4*r + 2*s = 104 + 100, -131 = -3*r + 4*s. Calculate the highest common factor of r and 28.
7
Let j be 1/(-3) + 4952/(-12). Let a = j + 661. What is the highest common factor of 31 and a?
31
Let y = 138 - 79. Suppose -63 = -2*b - 3*b + 4*m, 5*b - 2*m = y. Calculate the highest common factor of 121 and b.
11
Suppose 13*x + 2 = 15*x. Let r be (-212)/(-8) + x*(-3)/6. What is the greatest common divisor of 13 and r?
13
Let t be 1 + 1 + (-36)/(-3). Let d be 522/33 - t/(-77). Let m = -7 + 11. Calculate the highest common factor of m and d.
4
Let n = -4 - -9. Let i(o) = 2*o**2 - o - 7. Let u be i(n). What is the greatest common factor of 2 and u?
2
Let h(z) = -z**3 + 9*z**2 + 2*z - 8. Suppose -2*a - a = -6. Let r = 11 - a. Let u be h(r). Calculate the greatest common divisor of 30 and u.
10
Suppose -y - 17 = -4*b + 38, 4*b = -y + 65. Suppose -b = -2*c + 